{"id":10,"date":"2019-09-28T12:21:40","date_gmt":"2019-09-28T10:21:40","guid":{"rendered":"https:\/\/36bw-polaris.000webhostapp.com\/?page_id=10"},"modified":"2025-12-28T20:11:14","modified_gmt":"2025-12-28T19:11:14","slug":"presentation-de-lunite","status":"publish","type":"page","link":"https:\/\/www.scouts36polaris.be\/","title":{"rendered":"Pr\u00e9sentation de l&#039;unit\u00e9"},"content":{"rendered":"\n<div id=\"wp-block-themeisle-blocks-advanced-columns-f8f67cf1\" class=\"wp-block-themeisle-blocks-advanced-columns alignfull has-3-columns has-desktop-oneThreeOne-layout has-tablet-equal-layout has-mobile-collapsedRows-layout has-vertical-unset\"><div class=\"wp-block-themeisle-blocks-advanced-columns-overlay\"><\/div><div class=\"innerblocks-wrap\">\n<div id=\"wp-block-themeisle-blocks-advanced-column-afdcad33\" class=\"wp-block-themeisle-blocks-advanced-column\"><div class=\"wp-block-image\">\n<figure class=\"aligncenter size-large\"><img loading=\"lazy\" decoding=\"async\" width=\"1024\" height=\"1024\" src=\"http:\/\/www.scouts36polaris.be\/wp-content\/uploads\/2019\/10\/Logo_unit\u00e9-1024x1024.png\" alt=\"\" class=\"wp-image-202\" srcset=\"https:\/\/www.scouts36polaris.be\/wp-content\/uploads\/2019\/10\/Logo_unit\u00e9-1024x1024.png 1024w, https:\/\/www.scouts36polaris.be\/wp-content\/uploads\/2019\/10\/Logo_unit\u00e9-150x150.png 150w, https:\/\/www.scouts36polaris.be\/wp-content\/uploads\/2019\/10\/Logo_unit\u00e9-300x300.png 300w, https:\/\/www.scouts36polaris.be\/wp-content\/uploads\/2019\/10\/Logo_unit\u00e9-768x768.png 768w\" sizes=\"auto, (max-width: 1024px) 100vw, 1024px\" \/><\/figure><\/div>\n\n<p><div class=\"simcal-calendar simcal-default-calendar simcal-default-calendar-list simcal-default-calendar-light\" data-calendar-id=\"756\" data-timezone=\"Europe\/Paris\" data-offset=\"7200\" data-week-start=\"1\" data-calendar-start=\"1777586400\" data-calendar-end=\"1777586400\" data-events-first=\"0\" data-events-last=\"0\"><div class=\"simcal-calendar-list \"><nav class=\"simcal-calendar-head\">\n\t<div class=\"simcal-nav\">\n\t\t<button class=\"simcal-nav-button simcal-prev\" title=\"Pr\u00e9c\u00e9dent\" disabled=\"disabled\">\n\t\t\t<i class=\"simcal-icon-left\"><\/i>\n\t\t<\/button>\n\t<\/div>\n\t<div class=\"simcal-nav simcal-current \" data-calendar-current=\"1777586400\">\n\t\t<h3 class=\"simcal-current-label\"> <\/h3>\n\t<\/div>\n\t<div class=\"simcal-nav\">\t\t<button class=\"simcal-nav-button simcal-next\" title=\"Suiv.\" disabled=\"disabled\">\t\t\t<i class=\"simcal-icon-right\"><\/i>\n\t\t<\/button>\n\t<\/div>\n<\/nav>\n<dl class=\"simcal-events-list-container\" data-prev=\"1746050400\" data-next=\"1809122400\" data-heading-small=\"2026 - 2027\" data-heading-large=\"2026 - 2027\">\t<p>Rien de 30 avril 2026 \u00e0 30 avril 2027.\t<\/p>\n<\/dl><div class=\"simcal-ajax-loader simcal-spinner-top\" style=\"display: none;\"><i class=\"simcal-icon-spinner simcal-icon-spin\"><\/i><\/div><\/div><\/div><br \/>\n<a href=\"https:\/\/calendar.google.com\/calendar\/u\/0?cid=Y18xMnNlY3ZtN2NmYjdnMTk4bnA5dmdiOWMxb0Bncm91cC5jYWxlbmRhci5nb29nbGUuY29t\">Lien pour obtenir le calendrier<\/a><br \/>\n<div id=\"fb-root\"><\/div>\n            <script>(function(d, s, id) {\n              var js, fjs = d.getElementsByTagName(s)[0];\n              if (d.getElementById(id)) return;\n              js = d.createElement(s); js.id = id;\n              js.async=true; \n              js.src = \"\/\/connect.facebook.net\/fr_FR\/all.js#xfbml=1&appId=395202813876688\";\n              fjs.parentNode.insertBefore(js, fjs);\n            }(document, 'script', 'facebook-jssdk'));<\/script> <div class=\"efbl-like-box 1\">\n                  <div class=\"fb-page\" data-animclass=\"fadeIn\" data-href=\"https:\/\/www.facebook.com\/Sv036Polaris\" data-hide-cover=\"true\" data-width=\"\"   data-height=\"\" data-show-facepile=false  data-show-posts=true data-adapt-container-width=true data-hide-cta=false data-small-header=\"true\">\n                  <\/div> \n                  \n               <\/div>\n            <\/p>\n\n\n\n<p><\/p>\n<\/div>\n\n\n\n<div id=\"wp-block-themeisle-blocks-advanced-column-45f0f6a1\" class=\"wp-block-themeisle-blocks-advanced-column\">\n<h2>Description de l&rsquo;unit\u00e9<\/h2>\n\n\n\n<p class=\"has-text-align-left\">L&rsquo;unit\u00e9 Polaris est cr\u00e9\u00e9e par des anciens &#8211; chef d&rsquo;unit\u00e9 et  animateurs &#8211; d&rsquo;une unit\u00e9 de la r\u00e9gion. Nous avons fait germer l&rsquo;id\u00e9e d&rsquo;une nouvelle unit\u00e9 suite \u00e0 un constat : certains enfants sont sur file d&rsquo;attente et ne peuvent pas d\u00e9couvrir le scoutisme ! Il s&rsquo;agit d&rsquo;un mouvement qui nous a fait grandir et nous souhaitons le rendre disponible \u00e0 tous. <\/p>\n\n\n\n<p>Pour tous ? H\u00e9 bien oui ! Dans le cadre de cette unit\u00e9, nous voulons construire un projet qui nous tient \u00e0 c\u0153ur. Nous souhaitons en effet favoriser et permettre l&rsquo;inclusion de personnes porteuses d&rsquo;un handicap dans le mouvement qu&rsquo;est le scoutisme. Cette inclusion se fera pas \u00e0 pas et prendra plusieurs ann\u00e9es \u00e0 se mettre en place. Nous la voulons progressive. Ce projet permet de d\u00e9velopper de nombreuses valeurs, importantes pour nous tous : le respect, l&rsquo;ouverture, la responsabilisation, l&rsquo;autonomie, la coop\u00e9ration, etc. L&rsquo;inclusion d&rsquo;enfants \u00e0 besoins sp\u00e9cifiques n&rsquo;a pas un \u00e9norme impact sur l&rsquo;animation mais est un d\u00e9fi riche pour tous &#8211; animateurs et anim\u00e9s.  <\/p>\n\n\n\n<p> Le nom &#8211; <em>Polaris <\/em>&#8211; fait r\u00e9f\u00e9rence \u00e0 l&rsquo;\u00e9toile polaire. Celle-ci nous guide en indiquant toujours le p\u00f4le nord. Pour nous, le scoutisme, tout comme une unit\u00e9 scoute, sont des guides. Nous souhaitons trouver des \u00e9l\u00e9ments qui nous font grandir tout en nous guidant sur le droit chemin.  <\/p>\n\n\n\n<p>La cr\u00e9ation officielle a eu lieu le  3 d\u00e9cembre 2019.<\/p>\n\n\n\n<h2>Nos valeurs<\/h2>\n\n\n\n<p>Le scoutisme regroupe \u00e9norm\u00e9ment de valeurs qui sont au centre de notre animation : le respect, l&rsquo;ouverture, la responsabilisation, l&rsquo;autonomie, la coop\u00e9ration, la curiosit\u00e9, la d\u00e9couverte, l&rsquo;engagement, etc.<\/p>\n\n\n\n<p>Primordiales, nous souhaitons les d\u00e9velopper au maximum \u00e0 travers nos animations et nos rencontres. <\/p>\n\n\n\n<p> La f\u00e9d\u00e9ration Les scouts a relev\u00e9 un beau d\u00e9fi que nous souhaitons partager avec vous&nbsp;: expliquer le scoutisme en moins de 4 minutes chrono. <\/p>\n\n\n\n<figure class=\"wp-block-embed aligncenter is-type-video is-provider-youtube wp-block-embed-youtube wp-embed-aspect-16-9 wp-has-aspect-ratio\"><div class=\"wp-block-embed__wrapper\">\n<iframe loading=\"lazy\" title=\"Just scout it\" width=\"750\" height=\"422\" src=\"https:\/\/www.youtube.com\/embed\/FTgbpRhDfrE?feature=oembed\" frameborder=\"0\" allow=\"accelerometer; autoplay; clipboard-write; encrypted-media; gyroscope; picture-in-picture; web-share\" referrerpolicy=\"strict-origin-when-cross-origin\" allowfullscreen><\/iframe>\n<\/div><\/figure>\n\n\n\n<h2>Inscriptions 2025-2026<\/h2>\n\n\n\n<div class=\"wp-block-buttons is-layout-flex wp-block-buttons-is-layout-flex\">\n<div class=\"wp-block-button\"><a class=\"wp-block-button__link wp-element-button\" href=\"\/index.php\/inscriptions\/\" target=\"_blank\" rel=\"noreferrer noopener\">Cliquez ici pour inscrire un(des) anim\u00e9(s)\/animateur(s)<\/a><\/div>\n<\/div>\n<\/div>\n\n\n\n<div id=\"wp-block-themeisle-blocks-advanced-column-c35df87f\" class=\"wp-block-themeisle-blocks-advanced-column\">\n<h2 class=\"wp-block-heading\" id=\"staff-d-unite\">Staff d&rsquo;unit\u00e9<\/h2>\n\n\n\n<table>\n  <tbody><tr>\n\t<td class=\"blockImageAcc\"><img decoding=\"async\" src=\"\/wp-content\/uploads\/2020\/02\/grizzly-1.jpg\" alt=\"\" class=\"imageStaff\"><\/td>\n        <td>Grizzly (Eric Deleuse), mari\u00e9 et p\u00e8re de 4 enfants, travaille comme informaticien. Il est arriv\u00e9 dans le scoutisme en 2008. Il a fait partie d&rsquo;un staff d&rsquo;unit\u00e9 pendant plus de 10 ans.<\/td>\n  <\/tr>\n\n\n<tr>\n\t<td class=\"blockImageAcc\"><img decoding=\"async\" src=\"\/wp-content\/uploads\/2022\/10\/chico.jpeg\" alt=\"\" class=\"imageStaff\"><\/td>\n        <td>Chico (Paul Kelecom), <script>\ndocument.write(getAge('11\/05\/1988'));\n<\/script> ans, travaille dans une entreprise de construction. Il est papa de 5 enfants, dont 2 sont dans l&rsquo;unit\u00e9. Dans le scoutisme depuis ses 6 ans, il a notamment \u00e9t\u00e9 animateur louveteaux pendant 6 ans. Moins actif dans le scoutisme depuis qu&rsquo;il est papa, il a repris du service l&rsquo;ann\u00e9e pass\u00e9e en entrant dans le staff d&rsquo;unit\u00e9.<\/td>\n  <\/tr>\n<tr>\n\n  <tr>\n\t<td class=\"blockImageAcc\"><img decoding=\"async\" src=\"\/wp-content\/uploads\/2020\/02\/isatis.jpg\" alt=\"\" class=\"imageStaff\"><\/td>\n        <td>Isatis (Simon Ponchau), <script>\ndocument.write(getAge('07\/12\/1995'));\n<\/script> ans, travaille comme informaticien. Il a commenc\u00e9 le scoutisme en 2001 et a fait 6 ans d&rsquo;animation aux baladins, un an aux pionniers et deux ans aux \u00e9claireurs. Il est animateur brevet\u00e9.<\/td>\n  <\/tr>\n\n<tr>\n<td class=\"blockImageAcc\"><img decoding=\"async\" src=\"\/wp-content\/uploads\/2022\/10\/mazama.jpeg\" alt=\"\" class=\"imageStaff\"><\/td>\n<td>Mazama (Emeline Maes) a <script>\ndocument.write(getAge('12\/23\/1996'));\n<\/script> ans et est institutrice primaire. Elle travaille depuis 5 ans dans l&rsquo;enseignement sp\u00e9cialis\u00e9, avec des enfants porteurs d&rsquo;autisme.\nApr\u00e8s 6 ann\u00e9es d&rsquo;intendance (chez des baladins et des louveteaux), et un an d&rsquo;animatrice louveteau, elle devient animatrice \u00e9claireur.<\/td>\n<\/tr>\n\n<tr>\n<td class=\"blockImageAcc\"><img decoding=\"async\" src=\"\/wp-content\/uploads\/2020\/02\/tarpan.jpg\" alt=\"\" class=\"imageStaff\"><\/td>\n<td>Tarpan (Thomas Namurois) a <script>\ndocument.write(getAge('09\/07\/1998'));\n<\/script> ans et est informatitien. Il a \u00e9t\u00e9 animateur baladin et louveteaux.<\/td>\n<\/tr>\n\t\n<\/tbody><\/table>\n\n\n\n<h2 class=\"wp-block-heading\" id=\"animateurs\">Animateurs<\/h2>\n\n\n\n<table>\n    <tr>\n\t<td class=\"blockImageAcc\"><img decoding=\"async\" src=\"\/wp-content\/uploads\/2020\/02\/chipmunkR.jpg\" alt=\"\" class=\"imageStaff\"><\/td>\n        <td>Chipmunk (Romane Csoglei),\u00a0 <script>\ndocument.write(getAge('03\/29\/1997'));\n<\/script> ans , est juriste dans un syndicat.\u00a0 Elle a fait de l&rsquo;intendance durant 4 ans dans une section baladin et a \u00e9t\u00e9 animatrice louveteau trois ans. Elle est animatrice brevet\u00e9e, actuellement chez les pionniers. <\/td>\n  <\/tr>\n  \n  <tr>\n\t<td class=\"blockImageAcc\"><img decoding=\"async\" src=\"\/wp-content\/uploads\/2020\/02\/goundi.jpg\" alt=\"\" class=\"imageStaff\"><\/td>\n        <td>Goundi (Tiffany Deleuse), <script>\ndocument.write(getAge('04\/04\/1997'));\n<\/script> ans, fait des \u00e9tudes en Bioing\u00e9nieur. Elle a \u00e9t\u00e9 animatrice baladins pendant quatre ans et animatrice \u00e9claireur deux ans.<\/td>\n  <\/tr>\n  \n\n  <tr>\n\t<td class=\"blockImageAcc\"><img decoding=\"async\" src=\"\/wp-content\/uploads\/2020\/02\/chipmunkE.jpg\" alt=\"\" class=\"imageStaff\"><\/td>\n        <td>Chipmunk (Emma Bonny), <script>\ndocument.write(getAge('10\/18\/2002'));\n<\/script> ans, fait des \u00e9tudes en Bioing\u00e9nieur. Elle a fait un an aux baladins, un an aux guides et a fait trois ann\u00e9es comme chef baladin.<\/td>\n  <\/tr>\n  <tr>\n\t<td class=\"blockImageAcc\"><img decoding=\"async\" src=\"\/wp-content\/uploads\/2020\/02\/Ouandji-Eline.jpg\" alt=\"\" class=\"imageStaff\"><\/td>\n        <td>Ouandji (Eline Ponet), <script>\ndocument.write(getAge('01\/02\/2003'));\n<\/script> ans, fait des \u00e9tudes de psychologie \u00e0 l\u2019UCL. Elle a fait 8 ans de scoutisme. Elle a d\u00e9j\u00e0 fait trois ann\u00e9es d&rsquo;animation aux baladins. <\/td>\n  <\/tr>\n<tr>\n<td class=\"blockImageAcc\"><img decoding=\"async\" src=\"\/wp-content\/uploads\/2022\/10\/julien2.jpg\" alt=\"\" class=\"imageStaff\"><\/td>\n<td>Julien alias Manningui, <script>\ndocument.write(getAge('05\/03\/2004'));\n<\/script> ans, en premi\u00e8re ann\u00e9e de bachelier en informatique \u00e0 l&rsquo;UCL. Il a fait un an d&rsquo;animateur baladin.<\/td>\n<\/tr>\n<tr>\n<td class=\"blockImageAcc\"><img decoding=\"async\" src=\"\/wp-content\/uploads\/2022\/10\/altair.jpg\" alt=\"\" class=\"imageStaff\"><\/td>\n<td>Martin Bonny, totem Mink, a <script>\ndocument.write(getAge('09\/24\/2004'));\n<\/script> ans, il est en 1ere bachelier en architecte \u00e0 l\u2019ulb. Il a d\u00e9j\u00e0 fait plusieurs fois l\u2019intendance dans des camps ou week-end et an animateur baladin.<\/td>\n<\/tr>\n\n<tr>\n<td class=\"blockImageAcc\"><img decoding=\"async\" src=\"\/wp-content\/uploads\/2022\/12\/otsoa.jpg\" alt=\"\" class=\"imageStaff\"><\/td>\n<td>Laurent Schoonjans (Otsoa), <script>\ndocument.write(getAge('11\/16\/1998'));\n<\/script> ans, travaille en tant que Consultant Technologique. Il a d\u00e9j\u00e0 fait plusieurs camps et week-end en tant qu&rsquo;intendant, une ann\u00e9e en tant que chef baladin et une ann\u00e9e chef louveteau.<\/td>\n<\/tr>\n<tr><td class=\"blockImageAcc\"><img decoding=\"async\" src=\"\/wp-content\/uploads\/2025\/05\/mintaka-1.jpg\" alt=\"\" class=\"imageStaff\"><\/td>\n<td>Baloo (Lucas Van De Wiele) , 21 ans, en troisi\u00e8me ann\u00e9e de bachelier en informatique \u00e0 l\u2019UCL. Il a fait un an d\u2019animateur louveteau.\n<\/td>\n<\/tr>\n<tr><td class=\"blockImageAcc\"><img decoding=\"async\" src=\"\/wp-content\/uploads\/2025\/04\/IMG-20250419-WA0001.jpg\" alt=\"\" class=\"imageStaff\"><\/td>\n<td>V\u00e9ga<\/td>\n<\/tr>\n<tr><td class=\"blockImageAcc\"><img decoding=\"async\" src=\"\/wp-content\/uploads\/2025\/05\/quokka.jpg\" alt=\"\" class=\"imageStaff\"><\/td>\n<td>Quokka<\/td>\n<\/tr>\n\n<tr><td class=\"blockImageAcc\"><img decoding=\"async\" src=\"\/wp-content\/uploads\/2025\/10\/chaoui.jpg\" alt=\"\" class=\"imageStaff\"><\/td>\n<td>Manon Van Laere (totem Chaoui et totem de jungle Kotick), 18 ans, 1ere ann\u00e9e de bachelier en sociologie et anthropologie \u00e0 l\u2019ucl. Elle a fait 3 ans anim\u00e9e dans l\u2019unit\u00e9 et plusieurs ann\u00e9es dans une autre.<\/td>\n<\/tr>\n\n\n<tr><td class=\"blockImageAcc\"><img decoding=\"async\" src=\"\/wp-content\/uploads\/2025\/10\/burunduk.jpg\" alt=\"\" class=\"imageStaff\"><\/td>\n<td>Burunduk (Wauthy Rapha\u00ebl) 25 ans, est ouvrier de production dans le secteur de la m\u00e9tallurgie. Il a d\u00e9j\u00e0 fait 10 ans dans le mouvement scout dont 3 ans de chef louveteaux.\n<\/td>\n<\/tr>\n\n<tr><td class=\"blockImageAcc\"><img decoding=\"async\" src=\"\/wp-content\/uploads\/2025\/11\/dorcas.jpg\" alt=\"\" class=\"imageStaff\"><\/td>\n<td>Dorcas (Guillaume Six) \u00e9tudiant en bac 3 \u00e0 l\u2019ecam en ing\u00e9nieur industriel. Il a fait toute ses ann\u00e9es scout dans une autre unit\u00e9 et est chaud pour commencer sa premi\u00e8re ann\u00e9e chef !\n<\/td>\n<\/tr>\n\n\n<tr><td class=\"blockImageAcc\"><img decoding=\"async\" src=\"\/wp-content\/uploads\/2025\/11\/Irrawady.jpg\" alt=\"\" class=\"imageStaff\"><\/td>\n<td>Bonjour tout le monde moi c\u2019est Irrawady. Je suis nouvelle \u00e0 Polaris mais \u00e7a fait 12 ans cette ann\u00e9e que je suis scout et j\u2019adore \u00e7a. Malgr\u00e9 des moments de hauts et de bas j\u2019ai toujours trouv\u00e9 dans le scoutisme une famille avec des liens inexplicables. Je suis heureuse de rejoindre notre belle unit\u00e9 qui j\u2019esp\u00e8re va cro\u00eetre avec le temps pour plus de belles valeurs et d\u2019amour \u00e0 partager \u00e0 un maximum de monde. En parall\u00e8le je fais ma 2e ann\u00e9e d\u2019\u00e9ducateur sp\u00e9cialis\u00e9 \u00e0 Bruxelles ce qui ressemble un peu \u00e0 du scoutisme d\u2019une certaine mani\u00e8re. Je vis donc scout 24h sur 24h. J\u2019ai h\u00e2te de passer l\u2019ann\u00e9e et les camps avec vous. C\u2019est parti pour une ann\u00e9e de rire et de belles aventures !!! Scout toujours&#8230; Pr\u00eats !\n<\/td>\n<\/tr>\n\n<tr><td class=\"blockImageAcc\"><img decoding=\"async\" src=\"\/wp-content\/uploads\/2025\/11\/Appaloosa.jpg\" alt=\"\" class=\"imageStaff\"><\/td>\n<td>Appaloosa, est \u00e9tudiante en 1re ann\u00e9e de bachelier en langues et lettres romanes \u00e0 l\u2019universit\u00e9 Saint-Louis. Elle \u00e0 fait toutes ses ann\u00e9es baladins, toutes ses ann\u00e9es louveteaux sauf la derni\u00e8re ann\u00e9e et une ann\u00e9e de guides. Elle a ensuite arr\u00eat\u00e9 (tout \u00e7a \u00e0 l\u2019unit\u00e9 de Basse-Wavre). C\u2019est sa premi\u00e8re ann\u00e9e en tant que chef.\n<\/td>\n<\/tr>\n  <tr>\n\t<td class=\"blockImageAcc\"><img decoding=\"async\" src=\"\/wp-content\/uploads\/2025\/12\/Beira.png.jpg\" alt=\"\" class=\"imageStaff\"><\/td>\n        <td>Moi c\u2019est Be\u00efra ! J\u2019ai 21 ans et je suis \u00e9tudiante en droit \u00e0 Saint-Louis. Je fais les scouts depuis 15 ans maintenant. J\u2019ai \u00e9t\u00e9 cheffe louveteaux 2 ans dans une autre unit\u00e9.\n<\/td>\n  <\/tr>\n\n<\/table>\n<\/div>\n<\/div><\/div>\n","protected":false},"excerpt":{"rendered":"","protected":false},"author":1,"featured_media":0,"parent":0,"menu_order":0,"comment_status":"closed","ping_status":"closed","template":"","meta":{"_uag_custom_page_level_css":"","_themeisle_gutenberg_block_has_review":false,"footnotes":""},"class_list":["post-10","page","type-page","status-publish","hentry"],"uagb_featured_image_src":{"full":false,"thumbnail":false,"medium":false,"medium_large":false,"large":false,"1536x1536":false,"2048x2048":false,"travelersmap-thumb":false,"hestia-blog":false},"uagb_author_info":{"display_name":"isatis","author_link":"https:\/\/www.scouts36polaris.be\/index.php\/author\/isatis\/"},"uagb_comment_info":0,"uagb_excerpt":null,"_links":{"self":[{"href":"https:\/\/www.scouts36polaris.be\/index.php\/wp-json\/wp\/v2\/pages\/10","targetHints":{"allow":["GET"]}}],"collection":[{"href":"https:\/\/www.scouts36polaris.be\/index.php\/wp-json\/wp\/v2\/pages"}],"about":[{"href":"https:\/\/www.scouts36polaris.be\/index.php\/wp-json\/wp\/v2\/types\/page"}],"author":[{"embeddable":true,"href":"https:\/\/www.scouts36polaris.be\/index.php\/wp-json\/wp\/v2\/users\/1"}],"replies":[{"embeddable":true,"href":"https:\/\/www.scouts36polaris.be\/index.php\/wp-json\/wp\/v2\/comments?post=10"}],"version-history":[{"count":120,"href":"https:\/\/www.scouts36polaris.be\/index.php\/wp-json\/wp\/v2\/pages\/10\/revisions"}],"predecessor-version":[{"id":1434,"href":"https:\/\/www.scouts36polaris.be\/index.php\/wp-json\/wp\/v2\/pages\/10\/revisions\/1434"}],"wp:attachment":[{"href":"https:\/\/www.scouts36polaris.be\/index.php\/wp-json\/wp\/v2\/media?parent=10"}],"curies":[{"name":"wp","href":"https:\/\/api.w.org\/{rel}","templated":true}]}}