{"id":1198,"date":"2023-01-14T22:19:49","date_gmt":"2023-01-14T21:19:49","guid":{"rendered":"https:\/\/www.scouts36polaris.be\/?page_id=1198"},"modified":"2025-10-06T18:20:04","modified_gmt":"2025-10-06T16:20:04","slug":"le-poste","status":"publish","type":"page","link":"https:\/\/www.scouts36polaris.be\/index.php\/le-poste\/","title":{"rendered":"Poste Pyxis"},"content":{"rendered":"\n<p><\/p>\n\n\n\n<div id=\"wp-block-themeisle-blocks-advanced-columns-c49cd646\" class=\"wp-block-themeisle-blocks-advanced-columns alignfull has-3-columns has-desktop-oneThreeOne-layout has-tablet-equal-layout has-mobile-collapsedRows-layout has-vertical-unset\"><div class=\"wp-block-themeisle-blocks-advanced-columns-overlay\"><\/div><div class=\"innerblocks-wrap\">\n<div id=\"wp-block-themeisle-blocks-advanced-column-607eca5c\" class=\"wp-block-themeisle-blocks-advanced-column\">\n<div class=\"simcal-calendar simcal-default-calendar simcal-default-calendar-list simcal-default-calendar-light\" data-calendar-id=\"1213\" data-timezone=\"Europe\/Paris\" data-offset=\"7200\" data-week-start=\"1\" data-calendar-start=\"1778018400\" data-calendar-end=\"1778018400\" data-events-first=\"0\" data-events-last=\"0\"><div class=\"simcal-calendar-list \"><nav class=\"simcal-calendar-head\">\n\t<div class=\"simcal-nav\">\n\t\t<button class=\"simcal-nav-button simcal-prev\" title=\"Pr\u00e9c\u00e9dent\" disabled=\"disabled\">\n\t\t\t<i class=\"simcal-icon-left\"><\/i>\n\t\t<\/button>\n\t<\/div>\n\t<div class=\"simcal-nav simcal-current \" data-calendar-current=\"1778018400\">\n\t\t<h3 class=\"simcal-current-label\"> <\/h3>\n\t<\/div>\n\t<div class=\"simcal-nav\">\t\t<button class=\"simcal-nav-button simcal-next\" title=\"Suiv.\" disabled=\"disabled\">\t\t\t<i class=\"simcal-icon-right\"><\/i>\n\t\t<\/button>\n\t<\/div>\n<\/nav>\n<dl class=\"simcal-events-list-container\" data-prev=\"1746482400\" data-next=\"1809554400\" data-heading-small=\"2026 - 2027\" data-heading-large=\"2026 - 2027\">\t<p>Rien de 5 mai 2026 \u00e0 5 mai 2027.\t<\/p>\n<\/dl><div class=\"simcal-ajax-loader simcal-spinner-top\" style=\"display: none;\"><i class=\"simcal-icon-spinner simcal-icon-spin\"><\/i><\/div><\/div><\/div>\n<a href=\"https:\/\/calendar.google.com\/calendar\/u\/0?cid=Y18wMmZ0OGh0Z3BxbGpzZ2diZm10cHBqNW44Z0Bncm91cC5jYWxlbmRhci5nb29nbGUuY29t\">Lien pour obtenir le calendrier<\/a>\n<\/div>\n\n\n\n<div id=\"wp-block-themeisle-blocks-advanced-column-90dc4d4b\" class=\"wp-block-themeisle-blocks-advanced-column\"><div class=\"wp-block-image\">\n<figure class=\"alignright size-thumbnail\"><img loading=\"lazy\" decoding=\"async\" width=\"150\" height=\"150\" src=\"https:\/\/www.scouts36polaris.be\/wp-content\/uploads\/2023\/01\/logo_pionniers_2018-150x150.png\" alt=\"\" class=\"wp-image-1205\"\/><\/figure><\/div>\n\n\n<h2 class=\"wp-block-heading\">Pr\u00e9sentation de poste<\/h2>\n\n\n\n<p>Le poste Pyxis accueille des pionniers ayant entre 16 et 18 ans. <\/p>\n\n\n\n<p>Gr\u00e2ce au soutien de ses animateurs, le pionnier d\u00e9veloppe son plaisir et sa volont\u00e9 de faire le point, d\u2019adh\u00e9rer, d\u2019assumer, de r\u00e9fl\u00e9chir \u00e0 son avenir, d\u2019agir en coh\u00e9rence avec ce en quoi il croit, d\u2019aller au bout de ses r\u00eaves.<\/p>\n\n\n\n<p>Une ann\u00e9e au sein du poste Pyxis est compos\u00e9e : <\/p>\n\n\n\n<ul class=\"wp-block-list\">\n<li>De r\u00e9unions et week-end de poste juste entre pionniers et animateurs. Elles seront en dehors des horaires des r\u00e9unions normales des autres sections en g\u00e9n\u00e9ral.<\/li>\n\n\n\n<li>Des explorations. Le pionnier pourra aider les animateurs des autres sections dans leur animation lors de certaines r\u00e9unions ou week-end\/camp.<\/li>\n\n\n\n<li>De r\u00e9unions sp\u00e9ciales. Celles-ci dureront en g\u00e9n\u00e9ral une journ\u00e9e compl\u00e8te. Lors de celles-ci nous feront des activit\u00e9s qui sortent du cadre habituel d&rsquo;une r\u00e9union classique.<\/li>\n\n\n\n<li>Un grand camp de poste qui pourrait avoir lieu \u00e0 l&rsquo;\u00e9tranger &#8211; en fonction de ce qui est d\u00e9cid\u00e9 en poste &#8211; durant les grandes vacances en dehors des camps des autres sections.<\/li>\n<\/ul>\n\n\n\n<p>Alors si toi aussi tu veux vivre de chouettes exp\u00e9rience, que tu veux te faire plein de nouveaux copains et que tu as envie de d\u00e9couvrir le monde merveilleux des pionniers, n&rsquo;h\u00e9site pas \u00e0 <a href=\"http:\/\/www.scouts36polaris.be\/index.php\/inscriptions\/\" style=\"color:#0000EE; text-decoration:underline;\" target=\"_blank\" rel=\"noopener noreferrer\">t&rsquo;inscrire !<\/a><\/p>\n\n\n\n<h2 class=\"wp-block-heading\">Nom du poste<\/h2>\n\n\n\n<p>Pyxis ou la Boussole est une petite constellation du ciel astral sans \u00e9toile particuli\u00e8rement lumineuse. <\/p>\n<\/div>\n\n\n\n<div id=\"wp-block-themeisle-blocks-advanced-column-db584ead\" class=\"wp-block-themeisle-blocks-advanced-column\">\n<h2 class=\"wp-block-heading\">Staff pionnier<\/h2>\n\n\n\n<table>\n\n  \n<\/table><br>\nSi tu es motiv\u00e9 pour t&rsquo;engager comme animateur, n\u2019h\u00e9site pas <a href=\"http:\/\/www.scouts36polaris.be\/index.php\/inscription-animateur\" style=\"color:#0000EE; text-decoration:underline;\" target=\"_blank\" rel=\"noopener noreferrer\">\u00e0 postuler !<\/a><!--https:\/\/forms.gle\/fyRrRXpxu5qFBw8R7-->\n\n\n\n<h2 class=\"wp-block-heading\">Contact<\/h2>\n\n\n\nMail : <a href=\"mailto:pionniers@scouts36polaris.be\">pionniers@scouts36polaris.be<\/a>\n<\/div>\n<\/div><\/div>\n","protected":false},"excerpt":{"rendered":"","protected":false},"author":27,"featured_media":0,"parent":0,"menu_order":0,"comment_status":"closed","ping_status":"closed","template":"","meta":{"_uag_custom_page_level_css":"","_themeisle_gutenberg_block_has_review":false,"footnotes":""},"class_list":["post-1198","page","type-page","status-publish","hentry"],"uagb_featured_image_src":{"full":false,"thumbnail":false,"medium":false,"medium_large":false,"large":false,"1536x1536":false,"2048x2048":false,"travelersmap-thumb":false,"hestia-blog":false},"uagb_author_info":{"display_name":"Spitz","author_link":"https:\/\/www.scouts36polaris.be\/index.php\/author\/spitz\/"},"uagb_comment_info":0,"uagb_excerpt":null,"_links":{"self":[{"href":"https:\/\/www.scouts36polaris.be\/index.php\/wp-json\/wp\/v2\/pages\/1198","targetHints":{"allow":["GET"]}}],"collection":[{"href":"https:\/\/www.scouts36polaris.be\/index.php\/wp-json\/wp\/v2\/pages"}],"about":[{"href":"https:\/\/www.scouts36polaris.be\/index.php\/wp-json\/wp\/v2\/types\/page"}],"author":[{"embeddable":true,"href":"https:\/\/www.scouts36polaris.be\/index.php\/wp-json\/wp\/v2\/users\/27"}],"replies":[{"embeddable":true,"href":"https:\/\/www.scouts36polaris.be\/index.php\/wp-json\/wp\/v2\/comments?post=1198"}],"version-history":[{"count":21,"href":"https:\/\/www.scouts36polaris.be\/index.php\/wp-json\/wp\/v2\/pages\/1198\/revisions"}],"predecessor-version":[{"id":1401,"href":"https:\/\/www.scouts36polaris.be\/index.php\/wp-json\/wp\/v2\/pages\/1198\/revisions\/1401"}],"wp:attachment":[{"href":"https:\/\/www.scouts36polaris.be\/index.php\/wp-json\/wp\/v2\/media?parent=1198"}],"curies":[{"name":"wp","href":"https:\/\/api.w.org\/{rel}","templated":true}]}}