{"id":944,"date":"2022-02-13T20:13:00","date_gmt":"2022-02-13T19:13:00","guid":{"rendered":"https:\/\/www.scouts36polaris.be\/?page_id=944"},"modified":"2022-02-13T21:16:26","modified_gmt":"2022-02-13T20:16:26","slug":"inscription-animateur","status":"publish","type":"page","link":"https:\/\/www.scouts36polaris.be\/index.php\/inscription-animateur\/","title":{"rendered":"Inscription animateur"},"content":{"rendered":"\n<div class=\"wp-block-themeisle-blocks-advanced-columns alignwide has-1-columns has-desktop-equal-layout has-tablet-equal-layout has-mobile-equal-layout has-default-gap has-vertical-unset\" id=\"wp-block-themeisle-blocks-advanced-columns-888ab86f\"><div class=\"wp-block-themeisle-blocks-advanced-columns-overlay\"><\/div><div class=\"innerblocks-wrap\">\n<div class=\"wp-block-themeisle-blocks-advanced-column\" id=\"wp-block-themeisle-blocks-advanced-column-14178cb3\"><div class=\"caldera-grid\" id=\"caldera_form_1\" data-cf-ver=\"1.9.6\" data-cf-form-id=\"CF620951b15046f\"><div id=\"caldera_notices_1\" data-spinner=\"https:\/\/www.scouts36polaris.be\/wp-admin\/images\/spinner.gif\"><\/div><form data-instance=\"1\" class=\"CF620951b15046f caldera_forms_form cfajax-trigger\" method=\"POST\" enctype=\"multipart\/form-data\" id=\"CF620951b15046f_1\" data-form-id=\"CF620951b15046f\" aria-label=\"Inscription animateur\" data-target=\"#caldera_notices_1\" data-template=\"#cfajax_CF620951b15046f-tmpl\" data-cfajax=\"CF620951b15046f\" data-load-element=\"_parent\" data-load-class=\"cf_processing\" data-post-disable=\"0\" data-action=\"cf_process_ajax_submit\" data-request=\"https:\/\/www.scouts36polaris.be\/cf-api\/CF620951b15046f\" data-hiderows=\"true\">\r\n<input type=\"hidden\" id=\"_cf_verify_CF620951b15046f\" name=\"_cf_verify\" value=\"51a66d5d88\"  data-nonce-time=\"1778069137\" \/><input type=\"hidden\" name=\"_wp_http_referer\" value=\"\/index.php\/wp-json\/wp\/v2\/pages\/944\" \/><div id=\"cf2-CF620951b15046f_1\"><\/div><input type=\"hidden\" name=\"_cf_frm_id\" value=\"CF620951b15046f\">\r\n<input type=\"hidden\" name=\"_cf_frm_ct\" value=\"1\">\r\n<input type=\"hidden\" name=\"cfajax\" value=\"CF620951b15046f\">\r\n<input type=\"hidden\" name=\"_cf_cr_pst\" value=\"944\">\r\n<div class=\"hide\" style=\"display:none; overflow:hidden;height:0;width:0;\">\r\n<label>Company<\/label><input type=\"text\" name=\"company\" value=\"\" autocomplete=\"off\">\r\n<\/div><div id=\"CF620951b15046f_1-row-1\"  class=\"row  first_row\"><div  class=\"col-sm-12  single\"><div class=\"\"><h1>Formulaire d'inscription animateur<\/h1>\n<\/div><\/div><\/div><div id=\"CF620951b15046f_1-row-2\"  class=\"row \"><div  class=\"col-sm-3  first_col\"><div data-field-wrapper=\"fld_8064314\" class=\"form-group\" id=\"fld_8064314_1-wrap\">\r\n\t<label id=\"fld_8064314Label\" for=\"fld_8064314_1\" class=\"control-label\">Pr\u00e9nom <span aria-hidden=\"true\" role=\"presentation\" class=\"field_required\" style=\"color:#ee0000;\">*<\/span><\/label>\r\n\t<div class=\"\">\r\n\t\t<input   required type=\"text\" data-field=\"fld_8064314\" class=\" form-control\" id=\"fld_8064314_1\" name=\"fld_8064314\" value=\"\" data-type=\"text\" aria-required=\"true\"   aria-labelledby=\"fld_8064314Label\" >\t\t\t<\/div>\r\n<\/div>\r\n<\/div><div  class=\"col-sm-3 \"><div data-field-wrapper=\"fld_2932809\" class=\"form-group\" id=\"fld_2932809_1-wrap\">\r\n\t<label id=\"fld_2932809Label\" for=\"fld_2932809_1\" class=\"control-label\">Nom <span aria-hidden=\"true\" role=\"presentation\" class=\"field_required\" style=\"color:#ee0000;\">*<\/span><\/label>\r\n\t<div class=\"\">\r\n\t\t<input   required type=\"text\" data-field=\"fld_2932809\" class=\" form-control\" id=\"fld_2932809_1\" name=\"fld_2932809\" value=\"\" data-type=\"text\" aria-required=\"true\"   aria-labelledby=\"fld_2932809Label\" >\t\t\t<\/div>\r\n<\/div>\r\n<\/div><div  class=\"col-sm-3 \"><div data-field-wrapper=\"fld_9970286\" class=\"form-group\" id=\"fld_9970286_1-wrap\">\r\n\t<label id=\"fld_9970286Label\" for=\"fld_9970286_1\" class=\"control-label\">T\u00e9l\u00e9phone <span aria-hidden=\"true\" role=\"presentation\" class=\"field_required\" style=\"color:#ee0000;\">*<\/span><\/label>\r\n\t<div class=\"\">\r\n\t\t<input  data-inputmask=\"'mask': '+99 999\/99.99.99'\"  required type=\"phone\" data-field=\"fld_9970286\" class=\" form-control\" id=\"fld_9970286_1\" name=\"fld_9970286\" value=\"\" data-type=\"phone\" aria-required=\"true\"   aria-labelledby=\"fld_9970286Label\" >\t\t\t<\/div>\r\n<\/div>\r\n<\/div><div  class=\"col-sm-3  last_col\"><div data-field-wrapper=\"fld_6009157\" class=\"form-group\" id=\"fld_6009157_1-wrap\">\r\n\t<label id=\"fld_6009157Label\" for=\"fld_6009157_1\" class=\"control-label\">Adresse de messagerie <span aria-hidden=\"true\" role=\"presentation\" class=\"field_required\" style=\"color:#ee0000;\">*<\/span><\/label>\r\n\t<div class=\"\">\r\n\t\t<input   required type=\"email\" data-field=\"fld_6009157\" class=\" form-control\" id=\"fld_6009157_1\" name=\"fld_6009157\" value=\"\" data-type=\"email\" aria-required=\"true\"   aria-labelledby=\"fld_6009157Label\" >\t\t\t<\/div>\r\n<\/div>\r\n<\/div><\/div><div id=\"CF620951b15046f_1-row-3\"  class=\"row \"><div  class=\"col-sm-12  single\"><div data-field-wrapper=\"fld_2396092\" class=\"form-group\" id=\"fld_2396092_1-wrap\">\r\n\t<label id=\"fld_2396092Label\" for=\"fld_2396092_1\" class=\"control-label\">Section pr\u00e9f\u00e9r\u00e9e <span aria-hidden=\"true\" role=\"presentation\" class=\"field_required\" style=\"color:#ee0000;\">*<\/span><\/label>\r\n\t<div class=\"\">\r\n\t\t\t\t\t\t\t\t\t\t\t<div class=\"checkbox\">\n\t\t\t\t\n                <label                         for=\"fld_2396092_1_opt1937748\"\n                >\n                            <input\n                                data-parsley-required=\"true\" data-parsley-group=\"fld_2396092_1\" data-parsley-multiple=\"fld_2396092_1\"                                type=\"checkbox\"\n                                data-label=\"baladin\"\n                                data-field=\"fld_2396092\"\n                                id=\"fld_2396092_1_opt1937748\"\n                                class=\"fld_2396092_1 option-required\"\n                                name=\"fld_2396092[opt1937748]\"\n                                value=\"baladin\"\n                                                                data-type=\"checkbox\"\n                                data-checkbox-field=\"fld_2396092_1\"\n                                                                data-calc-value=\"baladin\"\n                            >\n                    baladin                <\/label>\n\n                \t\t\t\t\t<\/div>\n\t\t\t\t\t\t\t\t\t\t\t\t\t\t\t\t\t<div class=\"checkbox\">\n\t\t\t\t\n                <label                         for=\"fld_2396092_1_opt1284086\"\n                >\n                            <input\n                                data-parsley-required=\"true\" data-parsley-group=\"fld_2396092_1\" data-parsley-multiple=\"fld_2396092_1\"                                type=\"checkbox\"\n                                data-label=\"louveteau\"\n                                data-field=\"fld_2396092\"\n                                id=\"fld_2396092_1_opt1284086\"\n                                class=\"fld_2396092_1 option-required\"\n                                name=\"fld_2396092[opt1284086]\"\n                                value=\"louveteau\"\n                                                                data-type=\"checkbox\"\n                                data-checkbox-field=\"fld_2396092_1\"\n                                                                data-calc-value=\"louveteau\"\n                            >\n                    louveteau                <\/label>\n\n                \t\t\t\t\t<\/div>\n\t\t\t\t\t\t\t\t\t\t\t\t\t\t\t\t\t<div class=\"checkbox\">\n\t\t\t\t\n                <label                         for=\"fld_2396092_1_opt1770154\"\n                >\n                            <input\n                                data-parsley-required=\"true\" data-parsley-group=\"fld_2396092_1\" data-parsley-multiple=\"fld_2396092_1\"                                type=\"checkbox\"\n                                data-label=\"\u00e9claireur\"\n                                data-field=\"fld_2396092\"\n                                id=\"fld_2396092_1_opt1770154\"\n                                class=\"fld_2396092_1 option-required\"\n                                name=\"fld_2396092[opt1770154]\"\n                                value=\"\u00e9claireur\"\n                                                                data-type=\"checkbox\"\n                                data-checkbox-field=\"fld_2396092_1\"\n                                                                data-calc-value=\"\u00e9claireur\"\n                            >\n                    \u00e9claireur                <\/label>\n\n                \t\t\t\t\t<\/div>\n\t\t\t\t\t\t\t\t\t\t\t\t\t\t\t\t\t<div class=\"checkbox\">\n\t\t\t\t\n                <label                         for=\"fld_2396092_1_opt1079331\"\n                >\n                            <input\n                                data-parsley-required=\"true\" data-parsley-group=\"fld_2396092_1\" data-parsley-multiple=\"fld_2396092_1\"                                type=\"checkbox\"\n                                data-label=\"pionnier\"\n                                data-field=\"fld_2396092\"\n                                id=\"fld_2396092_1_opt1079331\"\n                                class=\"fld_2396092_1 option-required\"\n                                name=\"fld_2396092[opt1079331]\"\n                                value=\"pionnier\"\n                                                                data-type=\"checkbox\"\n                                data-checkbox-field=\"fld_2396092_1\"\n                                                                data-calc-value=\"pionnier\"\n                            >\n                    pionnier                <\/label>\n\n                \t\t\t\t\t<\/div>\n\t\t\t\t\t\t\t\t\t\t\t<\/div>\r\n<\/div>\r\n<\/div><\/div><div id=\"CF620951b15046f_1-row-4\"  class=\"row \"><div  class=\"col-sm-12  single\"><div data-field-wrapper=\"fld_7683514\" class=\"form-group\" id=\"fld_7683514_1-wrap\">\r\n\t<label id=\"fld_7683514Label\" for=\"fld_7683514_1\" class=\"control-label\">Pr\u00e9sentation\/motivations\/autres<\/label>\r\n\t<div class=\"\">\r\n\t\t<textarea name=\"fld_7683514\" value=\"\" data-field=\"fld_7683514\" class=\"form-control\" id=\"fld_7683514_1\" rows=\"7\"    aria-labelledby=\"fld_7683514Label\" ><\/textarea>\n\t\t\t<\/div>\r\n<\/div>\r\n<\/div><\/div><div id=\"CF620951b15046f_1-row-5\"  class=\"row  last_row\"><div  class=\"col-sm-12  single\"><div data-field-wrapper=\"fld_7908577\" class=\"form-group\" id=\"fld_7908577_1-wrap\">\r\n<div class=\"\">\r\n\t<input  class=\"btn btn-default\" type=\"submit\" name=\"fld_7908577\" id=\"fld_7908577_1\" value=\"Envoyer le message\" data-field=\"fld_7908577\"  >\n<\/div>\r\n<\/div>\r\n\t<input class=\"button_trigger_1\" type=\"hidden\" name=\"fld_7908577\" id=\"fld_7908577_1_btn\" value=\"\" data-field=\"fld_7908577\"  \/>\n<\/div><\/div><\/form>\r\n<\/div>\r\n\n<\/div>\n<\/div><\/div>\n","protected":false},"excerpt":{"rendered":"","protected":false},"author":1,"featured_media":0,"parent":0,"menu_order":0,"comment_status":"closed","ping_status":"closed","template":"","meta":{"_uag_custom_page_level_css":"","_themeisle_gutenberg_block_has_review":false,"footnotes":""},"class_list":["post-944","page","type-page","status-publish","hentry"],"uagb_featured_image_src":{"full":false,"thumbnail":false,"medium":false,"medium_large":false,"large":false,"1536x1536":false,"2048x2048":false,"travelersmap-thumb":false,"hestia-blog":false},"uagb_author_info":{"display_name":"isatis","author_link":"https:\/\/www.scouts36polaris.be\/index.php\/author\/isatis\/"},"uagb_comment_info":0,"uagb_excerpt":null,"_links":{"self":[{"href":"https:\/\/www.scouts36polaris.be\/index.php\/wp-json\/wp\/v2\/pages\/944","targetHints":{"allow":["GET"]}}],"collection":[{"href":"https:\/\/www.scouts36polaris.be\/index.php\/wp-json\/wp\/v2\/pages"}],"about":[{"href":"https:\/\/www.scouts36polaris.be\/index.php\/wp-json\/wp\/v2\/types\/page"}],"author":[{"embeddable":true,"href":"https:\/\/www.scouts36polaris.be\/index.php\/wp-json\/wp\/v2\/users\/1"}],"replies":[{"embeddable":true,"href":"https:\/\/www.scouts36polaris.be\/index.php\/wp-json\/wp\/v2\/comments?post=944"}],"version-history":[{"count":14,"href":"https:\/\/www.scouts36polaris.be\/index.php\/wp-json\/wp\/v2\/pages\/944\/revisions"}],"predecessor-version":[{"id":962,"href":"https:\/\/www.scouts36polaris.be\/index.php\/wp-json\/wp\/v2\/pages\/944\/revisions\/962"}],"wp:attachment":[{"href":"https:\/\/www.scouts36polaris.be\/index.php\/wp-json\/wp\/v2\/media?parent=944"}],"curies":[{"name":"wp","href":"https:\/\/api.w.org\/{rel}","templated":true}]}}